 11) to base 7
-400
Convert -24026 (base 9) to base 2.
-11111010111110
Convert -1625 (base 10) to base 3.
-2020012
Convert -35425 (base 6) to base 15.
-17be
What is -5915 (base 10) in base 16?
-171b
What is -6d4 (base 16) in base 13?
-a46
Convert 1b756 (base 12) to base 7.
230001
Convert -19322 (base 12) to base 15.
-ad4b
What is 932b (base 15) in base 9?
46575
Convert 111001111 (base 2) to base 3.
122011
Convert -24238 (base 9) to base 12.
-948b
What is -354 (base 9) in base 7?
-565
What is 16152 (base 7) in base 10?
4545
What is -156 (base 10) in base 6?
-420
Convert -647 (base 12) to base 10.
-919
What is -2113424 (base 5) in base 3?
-1210200102
What is 101000100111110 (base 2) in base 7?
114431
What is -101244 (base 5) in base 7?
-12456
What is 9e8 (base 15) in base 6?
14215
4423 (base 11) to base 14
21a9
Convert 21860 (base 9) to base 12.
8509
What is -13015 (base 11) in base 3?
-221120202
What is 856 (base 10) in base 8?
1530
Convert -2544 (base 8) to base 11.
-1045
What is -1001000110110 (base 2) in base 12?
-2846
Convert 21315 (base 7) to base 14.
1d0c
-1ca (base 15) to base 10
-415
What is 375 (base 8) in base 2?
11111101
What is 714 (base 8) in base 5?
3320
Convert 59 (base 11) to base 4.
1000
-342 (base 15) to base 5
-10422
What is -211221 (base 3) in base 11?
-513
What is 46 (base 13) in base 11?
53
What is 3999 (base 12) in base 3?
100001100
11340 (base 9) to base 8
16621
Convert 2022132 (base 5) to base 8.
100030
-b68 (base 12) to base 16
-680
-1028b (base 15) to base 4
-30200012
What is 341 (base 12) in base 4?
13201
Convert -1000010001 (base 2) to base 9.
-647
Convert -717 (base 8) to base 13.
-298
Convert -4878 (base 10) to base 4.
-1030032
-322413 (base 6) to base 9
-40320
Convert -186 (base 16) to base 9.
-473
What is -141252 (base 8) in base 4?
-30022222
4a5 (base 14) to base 15
41e
What is -10122121 (base 3) in base 9?
-3577
What is 5322 (base 7) in base 15?
853
-2123120 (base 4) to base 15
-2e2e
-65ee (base 15) to base 12
-105bb
100001010011010 (base 2) to base 9
25344
Convert 343 (base 10) to base 8.
527
What is -3509 (base 11) in base 8?
-10777
2630 (base 7) to base 4
33221
Convert -533 (base 7) to base 12.
-1a5
Convert -44345 (base 6) to base 4.
-1200221
What is -528 (base 15) in base 4?
-102023
-111010001100 (base 2) to base 10
-3724
Convert 110 (base 14) to base 9.
253
Convert -20176 (base 8) to base 11.
-6282
What is -7325 (base 9) in base 7?
-21440
-4037 (base 8) to base 12
-1253
-16b6 (base 15) to base 9
-6640
-36034 (base 7) to base 13
-42c4
-12106 (base 8) to base 14
-1c6a
-12330 (base 5) to base 15
-445
Convert -486 (base 16) to base 3.
-1120220
Convert -b9c (base 13) to base 7.
-5540
15929 (base 12) to base 16
77f1
What is -40320 (base 7) in base 16?
-2625
-2010020 (base 3) to base 15
-6d0
-5a5 (base 11) to base 6
-3200
-4653 (base 10) to base 8
-11055
c5c (base 16) to base 14
1220
110100111011100 (base 2) to base 7
142003
What is 1231 (base 5) in base 16?
bf
What is -3ad2 (base 14) in base 8?
-24210
What is 15120 (base 8) in base 14?
2652
Convert 1005 (base 8) to base 2.
1000000101
What is -11212120 (base 3) in base 7?
-13233
Convert 102303 (base 4) to base 12.
843
Convert 1102321 (base 6) to base 3.
2210102111
Convert 321c (base 13) to base 12.
4036
What is 30b (base 14) in base 11?
4a5
Convert -31575 (base 8) to base 2.
-11001101111101
What is 2002 (base 6) in base 9?
532
What is 10065 (base 7) in base 3?
10100200
7373 (base 11) to base 6
113104
Convert 31120 (base 4) to base 6.
3544
What is -443c (base 16) in base 13?
-7c49
-4451 (base 6) to base 7
-3013
What is -43150 (base 7) in base 12?
-6251
Convert -19243 (base 10) to base 3.
-222101201
What is -12020 (base 4) in base 6?
-1452
804 (base 11) to base 14
4d6
Convert -137 (base 8) to base 11.
-87
What is -5182 (base 11) in base 7?
-26006
-304244 (base 5) to base 3
-111122111
-9c08 (base 13) to base 5
-1144214
Convert -3dbd (base 16) to base 9.
-23611
-7593 (base 14) to base 13
-932b
Convert 11000100110100 (base 2) to base 8.
30464
What is -128b (base 13) in base 15?
-bba
-10103 (base 4) to base 14
-159
What is -8992 (base 13) in base 7?
-110011
6273 (base 16) to base 3
1021120110
What is -62cf (base 16) in base 10?
-25295
What is -793 (base 11) in base 3?
-1022011
What is 2223 (base 6) in base 4?
20013
What is 7a8 (base 16) in base 12?
1174
Convert 25131 (base 9) to base 3.
212011001
-684 (base 9) to base 13
-343
Convert -23153 (base 8) to base 2.
-10011001101011
What is 114 (base 16) in base 8?
424
What is 355 (base 6) in base 3?
12022
Convert -1564 (base 9) to base 12.
-834
Convert 1364 (base 11) to base 15.
7c9
-8b60 (base 13) to base 4
-10300321
What is 581 (base 9) in base 6?
2114
cba (base 13) to base 7
6234
497 (base 11) to base 7
1502
Convert 103 (base 8) to base 10.
67
-2000 (base 3) to base 5
-204
107ac (base 15) to base 2
1100110010001010
Convert 11c9 (base 16) to base 2.
1000111001001
2074 (base 8) to base 10
1084
-3102323 (base 4) to base 6
-142255
-240212 (base 5) to base 10
-8807
Convert -222 (base 14) to base 10.
-422
380 (base 15) to base 5
11140
-18 (base 9) to base 3
-122
-4bec (base 16) to base 11
-1366a
What is 62509 (base 10) in base 9?
104664
Convert f (base 16) to base 9.
16
What is -1101110001 (base 2) in base 15?
-3db
What is -34015 (base 6) in base 8?
-11233
Convert 1011011100 (base 3) to base 7.
123141
-23034 (base 6) to base 13
-163c
What is 12934 (base 10) in base 15?
3c74
Convert 1072 (base 12) to base 2.
11100010110
15265 (base 11) to base 12
10609
Convert -133 (base 7) to base 3.
-2201
Convert 6036 (base 10) to base 6.
43540
Convert 2105 (base 9) to base 6.
11052
What is 51160 (base 8) in base 10?
21104
1212200221 (base 3) to base 5
2140321
Convert 1b29 (base 15) to base 14.
2209
2324 (base 7) to base 15
3bb
-6242 (base 9) to base 16
-11de
What is -1b078 (base 14) in base 11?
-47690
What is -10212121 (base 3) in base 7?
-11143
What is -1213443 (base 5) in base 11?
-16308
What is -335 (base 8) in base 4?
-3131
Convert 2c68 (base 15) to base 14.
36a0
What is -c8b (base 16) in base 2?
-110010001011
Convert -200221 (base 3) to base 4.
-13333
33402 (base 5) to base 11
1849
Convert 473 (base 9) to base 12.
286
What is -497 (base 14) in base 8?
-1625
Convert 222102 (base 4) to base 3.
10201020
Convert -1360 (base 7) to base 4.
-20110
What is 22003 (base 7) in base 2?
1010101110011
636 (base 10) to base 13
39c
Convert 246 (base 15) to base 3.
201010
What is 1647 (base 9) in base 7?
3445
-100041 (base 5) to base 11
-2400
What is 879 (base 11) in base 7?
3034
-157c (base 16) to base 12
-3224
Convert 7c2 (base 14) to base 2.
11000000110
10101 (base 3) to base 6
231
Convert -a4c (base 13) to base 16.
-6da
Convert -1193 (base 12) to base 5.
-30413
-2000111002 (base 3) to base 9
-60432
Convert 8a95 (base 14) to base 2.
101110111101011
Convert -30032 (base 11) to base 16.
-abb6
Convert -743 (base 9) to base 2.
-1001011110
What is 4b7 (base 15) in base 5?
13242
Convert 8343 (base 9) to base 15.
1c29
What is 271 (base 10) in base 4?
10033
2511 (base 7) to base 14
4b1
What is -75b (base 14) in base 13?
-87a
-3330 (base 4) to base 14
-140
3462 (base 7) to base 6
5513
What is -101110110111 (base 2) in base 3?
-11010002
What is 2ad6 (base 16) in base 4?
2223112
Convert 110001000100 (base 2) to base 8.
6104
Convert 4007 (base 13) to base 3.
110001202
Convert 1111100000000 (base 2) to base 4.
1330000
What is -46850 (base 9) in base 2?
-111101001001111
What is -10100111 (base 2) in base 3?
-20012
103111 (base 4) to base 10
1237
-1095 (base 15) to base 7
-13151
What is -112102 (base 4) in base 11?
-1087
-406 (base 13) to base 7
-1663
What is 221221200 (base 3) in base 16?
49e6
Convert 126 (base 7) to base 14.
4d
Convert -1035 (base 7) to base 3.
-111200
What is -328 (base 15) in base 9?
-872
Convert -1201101212 (base 3) to base 12.
-176ab
-62666 (base 8) to base 11
-18621
Convert -5b1 (base 13) to base 5.
-12424
Convert 406 (base 13) to base 3.
221021
Convert -2000211011 (base 3) to base 6.
-505004
Convert 22020 (base 7) to base 3.
21112210
Convert 20021 (base 4) to base 3.
201022
What is -4a9 (base 12) in base 3?
-222010
What is 3324 (base 6) in base 15?
367
6460 (base 13) to base 3
201010011
Convert -20a (base 11) to base 6.
-1100
454 (base